{"id":14,"date":"2022-05-08T10:53:56","date_gmt":"2022-05-08T10:53:56","guid":{"rendered":"http:\/\/localhost\/indobi\/?page_id=14"},"modified":"2024-02-27T17:09:10","modified_gmt":"2024-02-27T14:09:10","slug":"hakkimizda","status":"publish","type":"page","link":"https:\/\/gozeyapimarket.com\/index.php\/hakkimizda\/","title":{"rendered":"Hakk\u0131m\u0131zda"},"content":{"rendered":"\t\t<div data-elementor-type=\"wp-page\" data-elementor-id=\"14\" class=\"elementor elementor-14\">\n\t\t\t\t\t\t<section class=\"elementor-section elementor-top-section elementor-element elementor-element-74a0bcc elementor-section-full_width elementor-section-height-default elementor-section-height-default\" data-id=\"74a0bcc\" data-element_type=\"section\">\n\t\t\t\t\t\t<div class=\"elementor-container elementor-column-gap-no\">\n\t\t\t\t\t<div class=\"elementor-column elementor-col-100 elementor-top-column elementor-element elementor-element-0188452\" data-id=\"0188452\" data-element_type=\"column\">\n\t\t\t<div class=\"elementor-widget-wrap elementor-element-populated\">\n\t\t\t\t\t\t<div class=\"elementor-element elementor-element-30c7b53 elementor-widget elementor-widget-Elementor-About-widget\" data-id=\"30c7b53\" data-element_type=\"widget\" data-widget_type=\"Elementor-About-widget.default\">\n\t\t\t\t<div class=\"elementor-widget-container\">\n\t\t\t<!-- about-area -->\n<section class=\"about-area about-p pt-120 pb-120 p-relative fix\">\n    <div class=\"container\">\n        <div class=\"row justify-content-center align-items-center\">\n             <div class=\"col-lg-6 col-md-12 col-sm-12\">\n                <div class=\"s-about-img p-relative  wow fadeInLeft animated\" data-animation=\"fadeInLeft\" data-delay=\".4s\">\n                     <img decoding=\"async\" src=\"https:\/\/wordpress.zcube.in\/indobi\/wp-content\/uploads\/2022\/05\/about_img.png\" alt=\"https:\/\/wordpress.zcube.in\/indobi\/wp-content\/uploads\/2022\/05\/about_img.png\">  \n                   <div class=\"about-text second-about\">\n                       <span>25 <sub>+<\/sub><\/span>\n                        <p>Y\u0131ll\u0131k Tecr\u00fcbe ve G\u00fcven<\/p>                        \n                    <\/div>\n                <\/div>\n\n            <\/div>\n\n        <div class=\"col-lg-6 col-md-12 col-sm-12\">\n                <div class=\"about-content s-about-content pl-30 wow fadeInRight  animated\" data-animation=\"fadeInRight\" data-delay=\".4s\">\n                    <div class=\"about-title second-title pb-25\">  \n                        <h2>G\u00f6ze Yap\u0131 Market<\/h2>                      \n                    <\/div>\n                      <p>2000 y\u0131l\u0131nda kurulan G\u00f6zeYap\u0131 Market, yap\u0131 malzemeleri, h\u0131rdavat, elektrik ve nalburiye \u00fcr\u00fcnleri konusunda uzmanla\u015fm\u0131\u015ft\u0131r. Y\u0131llar\u0131n verdi\u011fi deneyim ve birikimle, m\u00fc\u015fterilerimize kaliteli \u00fcr\u00fcnler ve profesyonel hizmet sunmay\u0131 hedeflemekteyiz.\n \nG\u00f6ze Yap\u0131 Market, geni\u015f \u00fcr\u00fcn yelpazesiyle her t\u00fcrl\u00fc in\u015faat ve tadilat ihtiyac\u0131n\u0131z\u0131 kar\u015f\u0131lamak i\u00e7in donan\u0131ml\u0131d\u0131r. M\u00fc\u015fterilerimize en son trendleri ve yenilikleri sunarken, ayn\u0131 zamanda g\u00fcvenilir markalar\u0131n kalitesini de temin etmekteyiz. Yap\u0131 malzemeleri, h\u0131rdavat, elektrik ve nalburiye gibi alanlarda geni\u015f \u00fcr\u00fcn \u00e7e\u015fitlili\u011fimiz ile her t\u00fcrl\u00fc projenize destek olmaktan mutluluk duyuyoruz<p>\n\n                                                      <p>Siz de kaliteli yap\u0131 malzemeleri, h\u0131rdavat, elektrik ve nalburiye \u00fcr\u00fcnleri ar\u0131yorsan\u0131z, G\u00f6ze Yap\u0131 Market'i tercih edebilirsiniz. Profesyonel ekibimiz ve geni\u015f \u00fcr\u00fcn yelpazemizle, projelerinizi hayata ge\u00e7irmenize yard\u0131mc\u0131 olmaktan memnuniyet duyar\u0131z. <p> \n                     <div class=\"slider-btn mt-20\">                                          \n                       <a href=\"https:\/\/gozeyapimarket.com\/index.php\/iletisim\/\" class=\"btn ss-btn\">\u0130leti\u015fim<\/a>\t\t\t\t\t\t\n                    <\/div>\n                <\/div>\n            <\/div>\n\n        <\/div>\n    <\/div>\n<\/section>\n<!-- about-area-end -->\t\t<\/div>\n\t\t\t\t<\/div>\n\t\t\t\t\t<\/div>\n\t\t<\/div>\n\t\t\t\t\t<\/div>\n\t\t<\/section>\n\t\t\t\t<section class=\"elementor-section elementor-top-section elementor-element elementor-element-d6ee559 elementor-section-full_width elementor-section-height-default elementor-section-height-default\" data-id=\"d6ee559\" data-element_type=\"section\" data-settings=\"{&quot;background_background&quot;:&quot;classic&quot;}\">\n\t\t\t\t\t\t<div class=\"elementor-container elementor-column-gap-no\">\n\t\t\t\t\t<div class=\"elementor-column elementor-col-100 elementor-top-column elementor-element elementor-element-ed963bd\" data-id=\"ed963bd\" data-element_type=\"column\">\n\t\t\t<div class=\"elementor-widget-wrap elementor-element-populated\">\n\t\t\t\t\t\t<div class=\"elementor-element elementor-element-e89c870 elementor-widget elementor-widget-Elementor-skill-widget\" data-id=\"e89c870\" data-element_type=\"widget\" data-widget_type=\"Elementor-skill-widget.default\">\n\t\t\t\t<div class=\"elementor-widget-container\">\n\t\t\t\n<!-- skill-area -->\n<section id=\"skill\" class=\"skill-area p-relative fix\">\n    <div class=\"container\">\n        <div class=\"row justify-content-center align-items-center\">\n           <div class=\"col-lg-6 col-md-12 col-sm-12\">\n                <div class=\"skills-content s-about-content\">\n                    <div class=\"skills-title pb-20\">                               \n                        <h2>G\u00f6ze Yap\u0131 Market<\/h2>                                  \n                    <\/div>\n                    <p> \u015eantiyelerinizin t\u00fcm s\u00fcre\u00e7lerinde kaba in\u015faat , elektrik , \u015fantiye mobilizasyon , h\u0131rdavat , nalburiye , tesisat ihtiya\u00e7lar\u0131n\u0131z\u0131 h\u0131zl\u0131 tedarik ve fiyat politikam\u0131zla sizere sat\u0131n alma s\u00fcrecinde hizmet vermekteyiz.<\/p>\n                     <div class=\"skills-content s-about-content mt-20\">\n                    <div class=\"skills\">\n                                                                                   <div class=\"skill mb-30\">\n                                  <div class=\"skill-name\">\u00dcr\u00fcn Kategorisi<\/div>\n                                  <div class=\"skill-bar\">\n                                    <div class=\"skill-per\" id=\"95\"><\/div>\n                                  <\/div>\n                                <\/div>\n                                                         <div class=\"skill mb-30\">\n                                  <div class=\"skill-name\">\u0130\u015f Ortakl\u0131\u011f\u0131<\/div>\n                                  <div class=\"skill-bar\">\n                                    <div class=\"skill-per\" id=\"74\"><\/div>\n                                  <\/div>\n                                <\/div>\n                         \n                    <\/div>\n                <\/div>\n                <\/div>\n            <\/div>\n            <div class=\"col-lg-6 col-md-12 col-sm-12 pr-30\">\n               <div class=\"skills-img\">                               \n                      <img decoding=\"async\" src=\"https:\/\/gozeyapimarket.com\/wp-content\/uploads\/2024\/02\/hakkimizda-1.png\" alt=\"https:\/\/gozeyapimarket.com\/wp-content\/uploads\/2024\/02\/hakkimizda-1.png\" class=\"img\">              \n                    <\/div>\n            <\/div>\n\n        <\/div>\n    <\/div>\n<\/section>\n<!-- skill-area-end -->\t\t<\/div>\n\t\t\t\t<\/div>\n\t\t\t\t\t<\/div>\n\t\t<\/div>\n\t\t\t\t\t<\/div>\n\t\t<\/section>\n\t\t\t\t<section class=\"elementor-section elementor-top-section elementor-element elementor-element-2ec27c8 elementor-section-full_width pt-120 elementor-section-height-default elementor-section-height-default\" data-id=\"2ec27c8\" data-element_type=\"section\">\n\t\t\t\t\t\t<div class=\"elementor-container elementor-column-gap-no\">\n\t\t\t\t\t<div class=\"elementor-column elementor-col-100 elementor-top-column elementor-element elementor-element-e8b03f0\" data-id=\"e8b03f0\" data-element_type=\"column\">\n\t\t\t<div class=\"elementor-widget-wrap elementor-element-populated\">\n\t\t\t\t\t\t<div class=\"elementor-element elementor-element-fcbab86 elementor-widget elementor-widget-Elementor-counter-widget\" data-id=\"fcbab86\" data-element_type=\"widget\" data-widget_type=\"Elementor-counter-widget.default\">\n\t\t\t\t<div class=\"elementor-widget-container\">\n\t\t\t\t\n<!-- counter-area -->\n            <div class=\"counter-area pb-120\">\n                <div class=\"container\">\n                    <div class=\"row justify-content-center align-items-center\">\n                        <div class=\"col-lg-4\">\n                             <div class=\"row counter-bg p-relative\">\n                                                                                                      <div class=\"col-lg-12\">\n                                         <div class=\"single-counter wow fadeInUp animated mb-30\" data-animation=\"fadeInDown animated\" data-delay=\".2s\">\n                                             <div class=\"icon\">\n                                                 <img decoding=\"async\" src=\"https:\/\/wordpress.zcube.in\/indobi\/wp-content\/uploads\/2022\/05\/cn-iocn01.png\" alt=\"img\">\n                                             <\/div>\n\n                                            <div class=\"counter p-relative\">\n                                                <span class=\"count\">2476<\/span>                                 \n                                                <p>Mutlu M\u00fc\u015fteri<\/p>\n                                            <\/div>\n\n                                        <\/div>\n                                    <\/div>\n                                                                  <div class=\"col-lg-12\">\n                                         <div class=\"single-counter wow fadeInUp animated mb-30\" data-animation=\"fadeInDown animated\" data-delay=\".2s\">\n                                             <div class=\"icon\">\n                                                 <img decoding=\"async\" src=\"https:\/\/wordpress.zcube.in\/indobi\/wp-content\/uploads\/2022\/05\/cn-iocn02.png\" alt=\"img\">\n                                             <\/div>\n\n                                            <div class=\"counter p-relative\">\n                                                <span class=\"count\">785<\/span>                                 \n                                                <p>Tamamlanan Proje<\/p>\n                                            <\/div>\n\n                                        <\/div>\n                                    <\/div>\n                                                                  <div class=\"col-lg-12\">\n                                         <div class=\"single-counter wow fadeInUp animated mb-30\" data-animation=\"fadeInDown animated\" data-delay=\".2s\">\n                                             <div class=\"icon\">\n                                                 <img decoding=\"async\" src=\"https:\/\/wordpress.zcube.in\/indobi\/wp-content\/uploads\/2022\/05\/cn-iocn03.png\" alt=\"img\">\n                                             <\/div>\n\n                                            <div class=\"counter p-relative\">\n                                                <span class=\"count\">43<\/span>                                 \n                                                <p>Personel<\/p>\n                                            <\/div>\n\n                                        <\/div>\n                                    <\/div>\n                                  \n                             <\/div>\n                        <\/div>\n                          <div class=\"col-lg-8\">\n                            <div class=\"contact-bg02\">\n                                <div class=\"section-title center-align\">\n                                    <h2>\n                                       \u0130leti\u015fim                                    <\/h2>\n                                <\/div>                                \n                                <div class=\"contact-form mt-30\">\n                                    <div class=\"row\">\n                                         \n<div class=\"wpcf7 no-js\" id=\"wpcf7-f2562-o1\" lang=\"en-US\" dir=\"ltr\">\n<div class=\"screen-reader-response\"><p role=\"status\" aria-live=\"polite\" aria-atomic=\"true\"><\/p> <ul><\/ul><\/div>\n<form action=\"\/index.php\/wp-json\/wp\/v2\/pages\/14#wpcf7-f2562-o1\" method=\"post\" class=\"wpcf7-form init\" aria-label=\"Contact form\" novalidate=\"novalidate\" data-status=\"init\">\n<div style=\"display: none;\">\n<input type=\"hidden\" name=\"_wpcf7\" value=\"2562\" \/>\n<input type=\"hidden\" name=\"_wpcf7_version\" value=\"5.8.7\" \/>\n<input type=\"hidden\" name=\"_wpcf7_locale\" value=\"en_US\" \/>\n<input type=\"hidden\" name=\"_wpcf7_unit_tag\" value=\"wpcf7-f2562-o1\" \/>\n<input type=\"hidden\" name=\"_wpcf7_container_post\" value=\"0\" \/>\n<input type=\"hidden\" name=\"_wpcf7_posted_data_hash\" value=\"\" \/>\n<\/div>\n<div class=\"row\">\n\t<div class=\"col-lg-6\">\n\t\t<div class=\"contact-field p-relative c-name mb-30\">\n\t\t\t<p><span class=\"wpcf7-form-control-wrap\" data-name=\"fname\"><input size=\"40\" class=\"wpcf7-form-control wpcf7-text wpcf7-validates-as-required\" aria-required=\"true\" aria-invalid=\"false\" placeholder=\"\u0130sim\" value=\"\" type=\"text\" name=\"fname\" \/><\/span>\n\t\t\t<\/p>\n\t\t<\/div>\n\t<\/div>\n\t<div class=\"col-lg-6\">\n\t\t<div class=\"contact-field p-relative c-email mb-20\">\n\t\t\t<p><span class=\"wpcf7-form-control-wrap\" data-name=\"lname\"><input size=\"40\" class=\"wpcf7-form-control wpcf7-text wpcf7-validates-as-required\" aria-required=\"true\" aria-invalid=\"false\" placeholder=\"Soy \u0130sim\" value=\"\" type=\"text\" name=\"lname\" \/><\/span>\n\t\t\t<\/p>\n\t\t<\/div>\n\t<\/div>\n\t<div class=\"col-lg-6\">\n\t\t<div class=\"contact-field p-relative c-subject mb-30\">\n\t\t\t<p><span class=\"wpcf7-form-control-wrap\" data-name=\"email\"><input size=\"40\" class=\"wpcf7-form-control wpcf7-email wpcf7-validates-as-required wpcf7-text wpcf7-validates-as-email\" aria-required=\"true\" aria-invalid=\"false\" placeholder=\"Email\" value=\"\" type=\"email\" name=\"email\" \/><\/span>\n\t\t\t<\/p>\n\t\t<\/div>\n\t<\/div>\n\t<div class=\"col-lg-6\">\n\t\t<div class=\"contact-field p-relative c-subject mb-30\">\n\t\t\t<p><span class=\"wpcf7-form-control-wrap\" data-name=\"tel\"><input size=\"40\" class=\"wpcf7-form-control wpcf7-tel wpcf7-validates-as-required wpcf7-text wpcf7-validates-as-tel\" aria-required=\"true\" aria-invalid=\"false\" placeholder=\"Telefon.\" value=\"\" type=\"tel\" name=\"tel\" \/><\/span>\n\t\t\t<\/p>\n\t\t<\/div>\n\t<\/div>\n\t<div class=\"col-lg-12\">\n\t\t<div class=\"contact-field p-relative c-message mb-30\">\n\t\t\t<p><span class=\"wpcf7-form-control-wrap\" data-name=\"message\"><textarea cols=\"40\" rows=\"10\" class=\"wpcf7-form-control wpcf7-textarea wpcf7-validates-as-required\" aria-required=\"true\" aria-invalid=\"false\" placeholder=\"Mesaj\u0131n\u0131z\" name=\"message\"><\/textarea><\/span>\n\t\t\t<\/p>\n\t\t<\/div>\n\t\t<div class=\"slider-btn text-center\">\n\t\t\t<p><input class=\"wpcf7-form-control wpcf7-submit has-spinner btn ss-btn active\" type=\"submit\" value=\"G\u00f6nder\" \/>\n\t\t\t<\/p>\n\t\t<\/div>\n\t<\/div>\n<\/div><div class=\"wpcf7-response-output\" aria-hidden=\"true\"><\/div>\n<\/form>\n<\/div>\n                                    <\/div>\n                            <\/div>                            \n                            <\/div>                        \n                        <\/div>\n                         \n                    <\/div>\n                <\/div>\n            <\/div>\n            <!-- counter-area-end -->\n\n\t\t<\/div>\n\t\t\t\t<\/div>\n\t\t\t\t\t<\/div>\n\t\t<\/div>\n\t\t\t\t\t<\/div>\n\t\t<\/section>\n\t\t\t\t<\/div>\n\t\t","protected":false},"excerpt":{"rendered":"","protected":false},"author":1,"featured_media":0,"parent":0,"menu_order":0,"comment_status":"closed","ping_status":"closed","template":"inside.php","meta":{"om_disable_all_campaigns":false,"_monsterinsights_skip_tracking":false,"_monsterinsights_sitenote_active":false,"_monsterinsights_sitenote_note":"","_monsterinsights_sitenote_category":0,"footnotes":""},"_links":{"self":[{"href":"https:\/\/gozeyapimarket.com\/index.php\/wp-json\/wp\/v2\/pages\/14"}],"collection":[{"href":"https:\/\/gozeyapimarket.com\/index.php\/wp-json\/wp\/v2\/pages"}],"about":[{"href":"https:\/\/gozeyapimarket.com\/index.php\/wp-json\/wp\/v2\/types\/page"}],"author":[{"embeddable":true,"href":"https:\/\/gozeyapimarket.com\/index.php\/wp-json\/wp\/v2\/users\/1"}],"replies":[{"embeddable":true,"href":"https:\/\/gozeyapimarket.com\/index.php\/wp-json\/wp\/v2\/comments?post=14"}],"version-history":[{"count":22,"href":"https:\/\/gozeyapimarket.com\/index.php\/wp-json\/wp\/v2\/pages\/14\/revisions"}],"predecessor-version":[{"id":3181,"href":"https:\/\/gozeyapimarket.com\/index.php\/wp-json\/wp\/v2\/pages\/14\/revisions\/3181"}],"wp:attachment":[{"href":"https:\/\/gozeyapimarket.com\/index.php\/wp-json\/wp\/v2\/media?parent=14"}],"curies":[{"name":"wp","href":"https:\/\/api.w.org\/{rel}","templated":true}]}}